ed by 65?
61
Calculate the remainder when 182039 is divided by 181589.
450
What is the remainder when 37122147 is divided by 14?
13
What is the remainder when 1741118 is divided by 870555?
8
Calculate the remainder when 331254 is divided by 216.
126
What is the remainder when 76536 is divided by 2740?
2556
What is the remainder when 93227 is divided by 13261?
400
Calculate the remainder when 447565 is divided by 74572.
133
What is the remainder when 5862630 is divided by 324?
174
What is the remainder when 309338 is divided by 611?
172
Calculate the remainder when 1928493 is divided by 629.
608
What is the remainder when 945406 is divided by 472701?
4
Calculate the remainder when 1687038 is divided by 15.
3
Calculate the remainder when 4679347 is divided by 626.
623
Calculate the remainder when 121614 is divided by 13399.
1023
What is the remainder when 1522789 is divided by 5110?
9
Calculate the remainder when 3091333 is divided by 1030431.
40
What is the remainder when 135821619 is divided by 45273870?
9
What is the remainder when 852998 is divided by 284309?
71
What is the remainder when 1547907 is divided by 65?
62
What is the remainder when 12542148 is divided by 10513?
139
What is the remainder when 40360931 is divided by 9658?
149
What is the remainder when 353697 is divided by 70732?
37
Calculate the remainder when 10758178 is divided by 60.
58
What is the remainder when 131518 is divided by 43635?
613
Calculate the remainder when 570279 is divided by 434.
3
What is the remainder when 1530702 is divided by 510217?
51
Calculate the remainder when 458839 is divided by 38234.
31
What is the remainder when 3023930 is divided by 25411?
21
Calculate the remainder when 549037 is divided by 109807.
2
Calculate the remainder when 10979041 is divided by 30.
1
Calculate the remainder when 24497358 is divided by 2468.
2458
What is the remainder when 11526444 is divided by 29404?
76
Calculate the remainder when 15804046 is divided by 267864.
70
Calculate the remainder when 30412936 is divided by 255.
106
Calculate the remainder when 159818656 is divided by 6083.
6080
What is the remainder when 30250598 is divided by 180?
158
Calculate the remainder when 2327475 is divided by 490.
465
Calculate the remainder when 2029738 is divided by 202971.
28
What is the remainder when 13463171 is divided by 242?
227
Calculate the remainder when 80635805 is divided by 514.
513
What is the remainder when 141197 is divided by 1901?
523
What is the remainder when 1600317 is divided by 80015?
17
Calculate the remainder when 597081 is divided by 2265.
1386
Calculate the remainder when 406367 is divided by 50777.
151
What is the remainder when 109718 is divided by 3900?
518
What is the remainder when 930713 is divided by 1627?
69
What is the remainder when 225866 is divided by 31448?
5730
Calculate the remainder when 668430 is divided by 176.
158
Calculate the remainder when 5915399 is divided by 48.
23
Calculate the remainder when 8470993 is divided by 710.
693
Calculate the remainder when 42001551 is divided by 14.
11
What is the remainder when 310545 is divided by 310416?
129
What is the remainder when 162737 is divided by 54108?
413
What is the remainder when 69448 is divided by 4?
0
Calculate the remainder when 106249 is divided by 3218.
55
Calculate the remainder when 3489328360 is divided by 11986.
11984
Calculate the remainder when 315002 is divided by 829.
811
What is the remainder when 110317315 is divided by 8?
3
Calculate the remainder when 2896903 is divided by 158.
131
What is the remainder when 128755 is divided by 18374?
137
What is the remainder when 926643 is divided by 2150?
2143
What is the remainder when 4890608 is divided by 39760?
128
What is the remainder when 45107949 is divided by 2998?
41
What is the remainder when 1005726 is divided by 199?
179
What is the remainder when 2833415 is divided by 5633?
16
Calculate the remainder when 29474 is divided by 181.
152
Calculate the remainder when 1650858 is divided by 6822.
6756
What is the remainder when 3274 is divided by 1295?
684
Calculate the remainder when 11025663 is divided by 250583.
11
What is the remainder when 41278815 is divided by 67120?
15
Calculate the remainder when 64023 is divided by 20070.
3813
What is the remainder when 16012677 is divided by 140462?
9
Calculate the remainder when 11047722 is divided by 480.
42
Calculate the remainder when 166861998 is divided by 400.
398
Calculate the remainder when 423756 is divided by 210.
186
Calculate the remainder when 91373 is divided by 1990.
1823
Calculate the remainder when 3793799 is divided by 600.
599
Calculate the remainder when 866297708 is divided by 288765899.
11
What is the remainder when 74727 is divided by 10648?
191
Calculate the remainder when 7051529 is divided by 3524.
5
What is the remainder when 385832313 is divided by 218?
217
What is the remainder when 24822131 is divided by 64?
51
Calculate the remainder when 292508 is divided by 73095.
128
What is the remainder when 723993 is divided by 1336?
1217
Calculate the remainder when 119849 is divided by 740.
709
What is the remainder when 94807 is divided by 11848?
23
Calculate the remainder when 270352 is divided by 35.
12
What is the remainder when 46603854 is divided by 93?
66
Calculate the remainder when 5096517 is divided by 1698834.
15
Calculate the remainder when 531790 is divided by 226.
12
Calculate the remainder when 7830038 is divided by 1118575.
13
What is the remainder when 16602002 is divided by 10117?
5
What is the remainder when 2907491 is divided by 20190?
131
What is the remainder when 1049434 is divided by 1138?
198
What is the remainder when 5833769 is divided by 100582?
13
Calculate the remainder when 1917608 is divided by 283.
0
Calculate the remainder when 279537 is divided by 13959.
357
Calculate the remainder when 46252 is divided by 454.
398
Calculate the remainder when 656958 is divided by 31283.
15
What is the remainder when 3589339 is divided by 3589291?
48
Calculate the remainder when 243928 is divided by 2854.
1338
Calculate the remainder when 298030 is divided by 180.
130
What is the remainder when 797614 is divided by 113369?
4031
What is the remainder when 288314 is divided by 2366?
2028
What is the remainder when 5943419 is divided by 191719?
130
What is the remainder when 4648974 is divided by 208?
174
Calculate the remainder when 1446084 is divided by 102.
30
What is the remainder when 115161637 is divided by 44?
41
Calculate the remainder when 706656 is divided by 353230.
196
What is the remainder when 143372 is divided by 140827?
2545
What is the remainder when 503641 is divided by 122?
25
What is the remainder when 13378712 is divided by 1549?
1548
Calculate the remainder when 274425 is divided by 7222.
7211
What is the remainder when 1778212 is divided by 1777477?
735
What is the remainder when 598239 is divided by 18112?
543
What is the remainder when 1977652 is divided by 988793?
66
What is the remainder when 9236558 is divided by 615767?
53
Calculate the remainder when 1043493 is divided by 1412.
25
Calculate the remainder when 101405 is divided by 1299.
83
Calculate the remainder when 5663518 is divided by 285.
283
Calculate the remainder when 15178585 is divided by 892857.
16
Calculate the remainder when 5466355 is divided by 1366579.
39
Calculate the remainder when 173678 is divided by 982.
846
What is the remainder when 1524573 is divided by 1068?
537
Calculate the remainder when 7801464 is divided by 244.
52
What is the remainder when 191303045 is divided by 33?
32
Calculate the remainder when 3486469 is divided by 3486370.
99
What is the remainder when 48691 is divided by 261?
145
Calculate the remainder when 2992723 is divided by 283.
281
Calculate the remainder when 420407 is divided by 11.
9
What is the remainder when 579030 is divided by 596?
314
Calculate the remainder when 19859578 is divided by 5265.
5263
Calculate the remainder when 1365067 is divided by 38996.
207
What is the remainder when 311047329 is divided by 23?
21
Calculate the remainder when 5146508 is divided by 102.
98
Calculate the remainder when 161896 is divided by 14701.
185
What is the remainder when 326114448 is divided by 33?
0
Calculate the rem